at is the remainder when 13236169 is divided by 698?
693
What is the remainder when 333376 is divided by 794?
690
Calculate the remainder when 1821719 is divided by 102.
101
Calculate the remainder when 39655243 is divided by 627.
1
What is the remainder when 184810812 is divided by 945?
942
What is the remainder when 54100810 is divided by 190?
20
What is the remainder when 552471 is divided by 4296?
2583
Calculate the remainder when 10054 is divided by 1724.
1434
Calculate the remainder when 1892219 is divided by 229.
221
Calculate the remainder when 493651864 is divided by 3893.
3892
Calculate the remainder when 23175 is divided by 29.
4
What is the remainder when 891707 is divided by 178334?
37
What is the remainder when 1774736 is divided by 6?
2
Calculate the remainder when 5421009 is divided by 111.
102
Calculate the remainder when 22054832 is divided by 1789.
40
What is the remainder when 444080939 is divided by 72?
59
What is the remainder when 77881791 is divided by 19470447?
3
Calculate the remainder when 5218842 is divided by 16157.
131
Calculate the remainder when 128764949 is divided by 1502.
1493
What is the remainder when 135701 is divided by 9043?
56
Calculate the remainder when 5764186 is divided by 9434.
12
Calculate the remainder when 14055033 is divided by 249.
228
Calculate the remainder when 10062 is divided by 9968.
94
Calculate the remainder when 30371 is divided by 4324.
103
Calculate the remainder when 6849186 is divided by 14635.
6
What is the remainder when 1430958 is divided by 848?
382
What is the remainder when 678573 is divided by 339247?
79
What is the remainder when 821248 is divided by 272855?
2683
Calculate the remainder when 8467308 is divided by 644.
640
What is the remainder when 41690 is divided by 8171?
835
What is the remainder when 393962 is divided by 23?
18
What is the remainder when 65433 is divided by 8694?
4575
What is the remainder when 7192480 is divided by 1686?
4
Calculate the remainder when 1882955 is divided by 313823.
17
Calculate the remainder when 54478 is divided by 3185.
333
What is the remainder when 181380 is divided by 181177?
203
What is the remainder when 83366540 is divided by 2509?
2506
Calculate the remainder when 938694 is divided by 202.
0
What is the remainder when 39770124 is divided by 1?
0
What is the remainder when 2712397 is divided by 700?
597
What is the remainder when 630572 is divided by 21718?
750
Calculate the remainder when 14196657 is divided by 22.
13
Calculate the remainder when 4083766 is divided by 4478.
4308
Calculate the remainder when 118354 is divided by 10.
4
Calculate the remainder when 406563912 is divided by 22.
18
What is the remainder when 105055 is divided by 8749?
67
Calculate the remainder when 209693 is divided by 22623.
6086
What is the remainder when 114238 is divided by 925?
463
What is the remainder when 125547 is divided by 41718?
393
Calculate the remainder when 4988210 is divided by 12409.
12201
Calculate the remainder when 424882 is divided by 325.
107
What is the remainder when 487230 is divided by 32235?
3705
What is the remainder when 570431 is divided by 114083?
16
What is the remainder when 21640367 is divided by 21640306?
61
What is the remainder when 172896 is divided by 358?
340
Calculate the remainder when 35532 is divided by 300.
132
What is the remainder when 4638994 is divided by 189?
178
What is the remainder when 123452931 is divided by 3?
0
What is the remainder when 2667602 is divided by 1333717?
168
What is the remainder when 166956 is divided by 83352?
252
What is the remainder when 541581 is divided by 12882?
537
Calculate the remainder when 948673 is divided by 2937.
22
Calculate the remainder when 183587 is divided by 183565.
22
Calculate the remainder when 18245163 is divided by 17.
15
What is the remainder when 92712093 is divided by 1887?
9
What is the remainder when 6343889 is divided by 792985?
9
What is the remainder when 944710 is divided by 157444?
46
What is the remainder when 52847356 is divided by 3108667?
17
Calculate the remainder when 34602 is divided by 11480.
162
What is the remainder when 41473 is divided by 4?
1
Calculate the remainder when 4869471 is divided by 656.
639
What is the remainder when 27460395 is divided by 51?
6
Calculate the remainder when 2584036 is divided by 5.
1
What is the remainder when 1287552 is divided by 448?
0
What is the remainder when 51534609 is divided by 3964200?
9
What is the remainder when 28888471 is divided by 646?
643
Calculate the remainder when 219996902 is divided by 67.
57
What is the remainder when 357327 is divided by 168?
159
What is the remainder when 212793 is divided by 976?
25
Calculate the remainder when 28562825 is divided by 4736.
9
What is the remainder when 1062898 is divided by 40?
18
Calculate the remainder when 358875 is divided by 145.
0
Calculate the remainder when 4030 is divided by 516.
418
What is the remainder when 2741828 is divided by 299?
297
What is the remainder when 499159 is divided by 499149?
10
What is the remainder when 102818 is divided by 2055?
68
What is the remainder when 834021 is divided by 2285?
2281
What is the remainder when 8979503 is divided by 75?
53
What is the remainder when 3999843 is divided by 238?
15
What is the remainder when 147834102 is divided by 183417?
0
What is the remainder when 293939878 is divided by 97979956?
10
What is the remainder when 305766 is divided by 151920?
1926
What is the remainder when 171345038 is divided by 1805?
1803
What is the remainder when 12898113 is divided by 992160?
33
What is the remainder when 5127 is divided by 2096?
935
What is the remainder when 16479035 is divided by 7?
6
Calculate the remainder when 2183729 is divided by 17331.
23
Calculate the remainder when 20564686 is divided by 130.
116
What is the remainder when 4281352 is divided by 1443?
1414
What is the remainder when 305306 is divided by 6637?
4
What is the remainder when 18536397 is divided by 456?
453
Calculate the remainder when 225668 is divided by 878.
22
What is the remainder when 3237391 is divided by 1483?
2
Calculate the remainder when 71655 is divided by 14303.
140
What is the remainder when 335049 is divided by 846?
33
Calculate the remainder when 1806630 is divided by 451651.
26
What is the remainder when 19502421 is divided by 641?
637
What is the remainder when 17511 is divided by 15082?
2429
What is the remainder when 9971 is divided by 359?
278
Calculate the remainder when 81049 is divided by 13478.
181
What is the remainder when 36863510 is divided by 601?
574
What is the remainder when 8681214 is divided by 255?
249
What is the remainder when 1880185 is divided by 731?
53
What is the remainder when 54719112 is divided by 46?
42
What is the remainder when 233590 is divided by 8882?
2658
What is the remainder when 1164074 is divided by 49?
30
Calculate the remainder when 20219 is divided by 1715.
1354
What is the remainder when 1762421 is divided by 14446?
9
What is the remainder when 15450917 is divided by 367877?
83
What is the remainder when 45076344 is divided by 825?
819
What is the remainder when 2586453 is divided by 1293223?
7
Calculate the remainder when 243262 is divided by 1829.
5
What is the remainder when 15989018 is divided by 21?
17
Calculate the remainder when 7110149 is divided by 9139.
7
What is the remainder when 5360887 is divided by 2498?
179
Calculate the remainder when 12054433 is divided by 1506797.
57
What is the remainder when 254075 is divided by 258?
203
What is the remainder when 1426311 is divided by 695?
171
What is the remainder when 1969053 is divided by 1969049?
4
What is the remainder when 16290378 is divided by 108?
90
What is the remainder when 65248724 is divided by 5361?
5354
Calculate the remainder when 74315965 is divided by 922.
921
Calculate the remainder when 5561 is divided by 179.
12
What is the remainder when 55847731 is divided by 13006?
12973
Calculate the remainder when 1540093 is divided by 1145.
68
Calculate the remainder when 733562 is divided by 243929.
1775
Calculate the remainder when 6486012 is divided by 41.
17
What is the remainder when 637512 is divided by 65?
57
Calculate the remainder when 179734 is divided by 2326.
632
Calculat